{"id":993,"date":"2017-11-17T10:31:03","date_gmt":"2017-11-17T10:31:03","guid":{"rendered":"http:\/\/blush.select-themes.com\/?page_id=993"},"modified":"2022-03-11T22:51:03","modified_gmt":"2022-03-11T21:51:03","slug":"about-us","status":"publish","type":"page","link":"https:\/\/gabinetkosmetycznypiaseczno.pl\/index.php\/about-us\/","title":{"rendered":"About Us"},"content":{"rendered":"<p>[vc_row equal_height=&#8221;yes&#8221; content_placement=&#8221;middle&#8221;][vc_column css=&#8221;.vc_custom_1510578448669{padding-top: 0px !important;padding-right: 0px !important;}&#8221; offset=&#8221;vc_col-lg-6 vc_col-md-12&#8243;]<div class=\"qodef-elements-holder   qodef-one-column  qodef-responsive-mode-768 \" style=\"background-color: #fafafa\"><div class=\"qodef-eh-item    \" style=\"background-image: url(https:\/\/gabinetkosmetycznypiaseczno.pl\/wp-content\/uploads\/2021\/11\/DSC_0385-scaled-e1638397485210.jpg)\" data-item-class=\"qodef-eh-custom-3106\" data-1280-1600=\"294px 0px\" data-1024-1280=\"299px 0px\" data-768-1024=\"260px 0px\" data-680-768=\"260px 0px\" data-680=\"260px 0px\">\n\t\t<div class=\"qodef-eh-item-inner\">\n\t\t<div class=\"qodef-eh-item-content qodef-eh-custom-3106\" style=\"padding: 494px 0px\">\n\t\t\t\t\t<\/div>\n\t<\/div>\n<\/div><\/div>[\/vc_column][vc_column css=&#8221;.vc_custom_1510914925522{padding-top: 0px !important;padding-left: 0px !important;}&#8221; offset=&#8221;vc_col-lg-6 vc_col-md-12&#8243;]<div class=\"qodef-elements-holder   qodef-one-column  qodef-responsive-mode-768 \" ><div class=\"qodef-eh-item    \"  data-item-class=\"qodef-eh-custom-7993\" data-1280-1600=\"0px 165px 36px\" data-1024-1280=\"0px 123px 36px\" data-768-1024=\"94px 144px 87px\" data-680-768=\"74px 82px 67px 100px\" data-680=\"74px 20px 67px 55px\">\n\t\t<div class=\"qodef-eh-item-inner\">\n\t\t<div class=\"qodef-eh-item-content qodef-eh-custom-7993\" style=\"padding: 0px 381px 36px 180px\">\n\t\t\t<div class=\"qodef-svg-separator-holder qodef-svg-separator-small\">\n    <div class=\"qodef-svg-separator qodef-svg-frames-class\" data-svg-frames=\"15\" >\n        <svg version=\"1.1\"   xmlns=\"http:\/\/www.w3.org\/2000\/svg\" xmlns:xlink=\"http:\/\/www.w3.org\/1999\/xlink\" x=\"0px\" y=\"0px\" width=\"56.344px\" height=\"9.438px\" viewBox=\"0 0 56.344 9.438\" enable-background=\"new 0 0 56.344 9.438\" xml:space=\"preserve\">\n            <path fill=\"none\" stroke=\"#000000\" stroke-miterlimit=\"10\" d=\"M0.364,0.375 8.715,8.726 16.716,0.726 24.716,8.726 32.439,1.005 40.16,8.726 48.161,0.726 55.998,8.563 \"\/>\n        <\/svg>\n    <\/div>\n<\/div>[vc_empty_space height=&#8221;4px&#8221;][vc_custom_heading text=&#8221;O mnie&#8221; google_fonts=&#8221;font_family:Karla%3Aregular%2Citalic%2C700%2C700italic|font_style:700%20bold%20regular%3A700%3Anormal&#8221;][vc_empty_space height=&#8221;8px&#8221;][vc_empty_space height=&#8221;8px&#8221;][vc_custom_heading text=&#8221;Salon Juno powsta\u0142 kilkana\u015bcie lat temu z pasji i ch\u0119ci zapewnienia holistycznego podej\u015bcia do ka\u017cdego cz\u0142owieka. Jego za\u0142o\u017cycielka Bogus\u0142awa Pawlak mgr. kosmetolog, specjalista podolog, piel\u0119gniarka specjalizuje si\u0119 od wielu lat w zagadnieniach zwi\u0105zanych z piel\u0119gnacj\u0105 twarzy, st\u00f3p, d\u0142oni i ca\u0142ego cia\u0142a. We wsp\u00f3\u0142czesnym, dobrze prosperuj\u0105cym gabinecie kosmetologicznym, podologicznym, profesjonalna opieka oraz edukacja zdrowotna s\u0105 stawiane na pierwszym miejscu.&#8221; font_container=&#8221;tag:h3|text_align:left&#8221; google_fonts=&#8221;font_family:Karla%3Aregular%2Citalic%2C700%2C700italic|font_style:400%20regular%3A400%3Anormal&#8221;][vc_empty_space height=&#8221;26px&#8221;][vc_empty_space height=&#8221;6px&#8221;]\t\t<\/div>\n\t<\/div>\n<\/div><\/div>[\/vc_column][\/vc_row][vc_row][vc_column css=&#8221;.vc_custom_1510578532896{padding-top: 0px !important;}&#8221; offset=&#8221;vc_col-lg-6 vc_col-md-12&#8243;]<div class=\"qodef-elements-holder   qodef-one-column  qodef-responsive-mode-768 \" ><div class=\"qodef-eh-item    \"  data-item-class=\"qodef-eh-custom-8521\" data-1280-1600=\"160px 156px 0px 187px\" data-1024-1280=\"160px 131px 0px 144px\" data-768-1024=\"0px 135px 92px 128px\" data-680-768=\"0px 87px 72px\" data-680=\"0px 20px 72px 37px\">\n\t\t<div class=\"qodef-eh-item-inner\">\n\t\t<div class=\"qodef-eh-item-content qodef-eh-custom-8521\" style=\"padding: 160px 180px 0px 43%\">\n\t\t\t<div class=\"qodef-svg-separator-holder qodef-svg-separator-small\">\n    <div class=\"qodef-svg-separator qodef-svg-frames-class\" data-svg-frames=\"15\" >\n        <svg version=\"1.1\"   xmlns=\"http:\/\/www.w3.org\/2000\/svg\" xmlns:xlink=\"http:\/\/www.w3.org\/1999\/xlink\" x=\"0px\" y=\"0px\" width=\"56.344px\" height=\"9.438px\" viewBox=\"0 0 56.344 9.438\" enable-background=\"new 0 0 56.344 9.438\" xml:space=\"preserve\">\n            <path fill=\"none\" stroke=\"#000000\" stroke-miterlimit=\"10\" d=\"M0.364,0.375 8.715,8.726 16.716,0.726 24.716,8.726 32.439,1.005 40.16,8.726 48.161,0.726 55.998,8.563 \"\/>\n        <\/svg>\n    <\/div>\n<\/div>[vc_empty_space height=&#8221;8px&#8221;][vc_empty_space height=&#8221;16px&#8221;][vc_custom_heading text=&#8221;Poznaj M\u00f3j<br \/>\nNowoczesny Salon&#8221; google_fonts=&#8221;font_family:Karla%3Aregular%2Citalic%2C700%2C700italic|font_style:700%20bold%20regular%3A700%3Anormal&#8221;][vc_empty_space height=&#8221;4px&#8221;][vc_custom_heading text=&#8221;Tu poczujesz si\u0119 odpr\u0119\u017cona<br \/>\ni zrelaksowana&#8221; font_container=&#8221;tag:h3|text_align:left&#8221; google_fonts=&#8221;font_family:Karla%3Aregular%2Citalic%2C700%2C700italic|font_style:400%20regular%3A400%3Anormal&#8221;][vc_empty_space height=&#8221;26px&#8221;][vc_empty_space height=&#8221;6px&#8221;]\t\t<\/div>\n\t<\/div>\n<\/div><\/div>[\/vc_column][vc_column css=&#8221;.vc_custom_1512651553283{padding-top: 0px !important;padding-left: 0px !important;}&#8221; offset=&#8221;vc_col-lg-6 vc_col-md-12&#8243;]<div class=\"qodef-elements-holder   qodef-one-column  qodef-responsive-mode-768 \" style=\"background-color: #fafafa\"><div class=\"qodef-eh-item    \" style=\"background-image: url(https:\/\/gabinetkosmetycznypiaseczno.pl\/wp-content\/uploads\/2021\/11\/DSC_0358-scaled.jpg)\" data-item-class=\"qodef-eh-custom-5036\" data-1280-1600=\"380px 0px\" data-1024-1280=\"380px 0px\" data-768-1024=\"260px 0px\" data-680-768=\"260px 0px\" data-680=\"260px 0px\">\n\t\t<div class=\"qodef-eh-item-inner\">\n\t\t<div class=\"qodef-eh-item-content qodef-eh-custom-5036\" style=\"padding: 380px 0px\">\n\t\t\t\t\t<\/div>\n\t<\/div>\n<\/div><\/div>[\/vc_column][\/vc_row][vc_row][vc_column css=&#8221;.vc_custom_1512651553283{padding-top: 0px !important;padding-left: 0px !important;}&#8221; offset=&#8221;vc_col-lg-6 vc_col-md-12&#8243;]<div class=\"qodef-elements-holder   qodef-one-column  qodef-responsive-mode-768 \" style=\"background-color: #fafafa\"><div class=\"qodef-eh-item    \" style=\"background-image: url(https:\/\/gabinetkosmetycznypiaseczno.pl\/wp-content\/uploads\/2022\/03\/IMG_20220308_123703-scaled.jpg)\" data-item-class=\"qodef-eh-custom-7716\" data-1280-1600=\"380px 0px\" data-1024-1280=\"380px 0px\" data-768-1024=\"260px 0px\" data-680-768=\"260px 0px\" data-680=\"260px 0px\">\n\t\t<div class=\"qodef-eh-item-inner\">\n\t\t<div class=\"qodef-eh-item-content qodef-eh-custom-7716\" style=\"padding: 694px 0px\">\n\t\t\t\t\t<\/div>\n\t<\/div>\n<\/div><\/div>[\/vc_column][vc_column css=&#8221;.vc_custom_1510578532896{padding-top: 0px !important;}&#8221; offset=&#8221;vc_col-lg-6 vc_col-md-12&#8243;]<div class=\"qodef-elements-holder   qodef-one-column  qodef-responsive-mode-768 \" ><div class=\"qodef-eh-item    \"  data-item-class=\"qodef-eh-custom-3358\" data-1280-1600=\"160px 156px 0px 187px\" data-1024-1280=\"160px 131px 0px 144px\" data-768-1024=\"0px 135px 92px 128px\" data-680-768=\"0px 87px 72px\" data-680=\"0px 20px 72px 37px\">\n\t\t<div class=\"qodef-eh-item-inner\">\n\t\t<div class=\"qodef-eh-item-content qodef-eh-custom-3358\" style=\"padding: 160px 180px 0px 43%\">\n\t\t\t<div class=\"qodef-svg-separator-holder qodef-svg-separator-small\">\n    <div class=\"qodef-svg-separator qodef-svg-frames-class\" data-svg-frames=\"15\" >\n        <svg version=\"1.1\"   xmlns=\"http:\/\/www.w3.org\/2000\/svg\" xmlns:xlink=\"http:\/\/www.w3.org\/1999\/xlink\" x=\"0px\" y=\"0px\" width=\"56.344px\" height=\"9.438px\" viewBox=\"0 0 56.344 9.438\" enable-background=\"new 0 0 56.344 9.438\" xml:space=\"preserve\">\n            <path fill=\"none\" stroke=\"#000000\" stroke-miterlimit=\"10\" d=\"M0.364,0.375 8.715,8.726 16.716,0.726 24.716,8.726 32.439,1.005 40.16,8.726 48.161,0.726 55.998,8.563 \"\/>\n        <\/svg>\n    <\/div>\n<\/div>[vc_empty_space height=&#8221;8px&#8221;][vc_empty_space height=&#8221;16px&#8221;][vc_custom_heading text=&#8221;Poznaj M\u00f3j<br \/>\nNowoczesny Sprz\u0119t&#8221; google_fonts=&#8221;font_family:Karla%3Aregular%2Citalic%2C700%2C700italic|font_style:700%20bold%20regular%3A700%3Anormal&#8221;][vc_empty_space height=&#8221;4px&#8221;][vc_custom_heading text=&#8221;Laseroterapia SHR in Motion,<br \/>\nE-LIGHT&#8221; font_container=&#8221;tag:h3|text_align:left&#8221; google_fonts=&#8221;font_family:Karla%3Aregular%2Citalic%2C700%2C700italic|font_style:400%20regular%3A400%3Anormal&#8221;][vc_empty_space height=&#8221;26px&#8221;][vc_empty_space height=&#8221;6px&#8221;]\t\t<\/div>\n\t<\/div>\n<\/div><\/div>[\/vc_column][\/vc_row][vc_row equal_height=&#8221;yes&#8221; content_placement=&#8221;middle&#8221;][vc_column css=&#8221;.vc_custom_1510914925522{padding-top: 0px !important;padding-left: 0px !important;}&#8221; offset=&#8221;vc_col-lg-6 vc_col-md-12&#8243;]<div class=\"qodef-elements-holder   qodef-one-column  qodef-responsive-mode-768 \" ><div class=\"qodef-eh-item    \"  data-item-class=\"qodef-eh-custom-5319\" data-1280-1600=\"0px 165px 36px\" data-1024-1280=\"0px 123px 36px\" data-768-1024=\"94px 144px 87px\" data-680-768=\"74px 82px 67px 100px\" data-680=\"74px 20px 67px 55px\">\n\t\t<div class=\"qodef-eh-item-inner\">\n\t\t<div class=\"qodef-eh-item-content qodef-eh-custom-5319\" style=\"padding: 0px 381px 36px 180px\">\n\t\t\t<div class=\"qodef-svg-separator-holder qodef-svg-separator-small\">\n    <div class=\"qodef-svg-separator qodef-svg-frames-class\" data-svg-frames=\"15\" >\n        <svg version=\"1.1\"   xmlns=\"http:\/\/www.w3.org\/2000\/svg\" xmlns:xlink=\"http:\/\/www.w3.org\/1999\/xlink\" x=\"0px\" y=\"0px\" width=\"56.344px\" height=\"9.438px\" viewBox=\"0 0 56.344 9.438\" enable-background=\"new 0 0 56.344 9.438\" xml:space=\"preserve\">\n            <path fill=\"none\" stroke=\"#000000\" stroke-miterlimit=\"10\" d=\"M0.364,0.375 8.715,8.726 16.716,0.726 24.716,8.726 32.439,1.005 40.16,8.726 48.161,0.726 55.998,8.563 \"\/>\n        <\/svg>\n    <\/div>\n<\/div>[vc_empty_space height=&#8221;4px&#8221;][vc_custom_heading text=&#8221;Poznaj M\u00f3j Kameralny Salon&#8221; google_fonts=&#8221;font_family:Karla%3Aregular%2Citalic%2C700%2C700italic|font_style:700%20bold%20regular%3A700%3Anormal&#8221;][vc_empty_space height=&#8221;8px&#8221;][vc_empty_space height=&#8221;8px&#8221;][vc_custom_heading text=&#8221;Tu zadbasz o swoje d\u0142onie&#8221; font_container=&#8221;tag:h3|text_align:left&#8221; google_fonts=&#8221;font_family:Karla%3Aregular%2Citalic%2C700%2C700italic|font_style:400%20regular%3A400%3Anormal&#8221;][vc_empty_space height=&#8221;26px&#8221;][vc_empty_space height=&#8221;6px&#8221;]\t\t<\/div>\n\t<\/div>\n<\/div><\/div>[\/vc_column][vc_column css=&#8221;.vc_custom_1510578448669{padding-top: 0px !important;padding-right: 0px !important;}&#8221; offset=&#8221;vc_col-lg-6 vc_col-md-12&#8243;]<div class=\"qodef-elements-holder   qodef-one-column  qodef-responsive-mode-768 \" style=\"background-color: #fafafa\"><div class=\"qodef-eh-item    \" style=\"background-image: url(https:\/\/gabinetkosmetycznypiaseczno.pl\/wp-content\/uploads\/2021\/12\/IMG_20211216_115313-scaled.jpg)\" data-item-class=\"qodef-eh-custom-3644\" data-1280-1600=\"294px 0px\" data-1024-1280=\"299px 0px\" data-768-1024=\"260px 0px\" data-680-768=\"260px 0px\" data-680=\"260px 0px\">\n\t\t\t<a class=\"qodef-eh-item-link\" href=\"594px 0px\" target=\"_self\"><\/a>\n\t\t<div class=\"qodef-eh-item-inner\">\n\t\t<div class=\"qodef-eh-item-content qodef-eh-custom-3644\" style=\"padding: 694px 0px\">\n\t\t\t\t\t<\/div>\n\t<\/div>\n<\/div><\/div>[\/vc_column][\/vc_row][vc_row][vc_column css=&#8221;.vc_custom_1512651553283{padding-top: 0px !important;padding-left: 0px !important;}&#8221; offset=&#8221;vc_col-lg-6 vc_col-md-12&#8243;]<div class=\"qodef-elements-holder   qodef-one-column  qodef-responsive-mode-768 \" style=\"background-color: #fafafa\"><div class=\"qodef-eh-item    \" style=\"background-image: url(https:\/\/gabinetkosmetycznypiaseczno.pl\/wp-content\/uploads\/2021\/12\/IMG_20211206_162215-scaled.jpg)\" data-item-class=\"qodef-eh-custom-9626\" data-1280-1600=\"380px 0px\" data-1024-1280=\"380px 0px\" data-768-1024=\"260px 0px\" data-680-768=\"260px 0px\" data-680=\"260px 0px\">\n\t\t<div class=\"qodef-eh-item-inner\">\n\t\t<div class=\"qodef-eh-item-content qodef-eh-custom-9626\" style=\"padding: 494px 0px\">\n\t\t\t\t\t<\/div>\n\t<\/div>\n<\/div><\/div>[\/vc_column][vc_column css=&#8221;.vc_custom_1510578532896{padding-top: 0px !important;}&#8221; offset=&#8221;vc_col-lg-6 vc_col-md-12&#8243;]<div class=\"qodef-elements-holder   qodef-one-column  qodef-responsive-mode-768 \" ><div class=\"qodef-eh-item    \"  data-item-class=\"qodef-eh-custom-6011\" data-1280-1600=\"160px 156px 0px 187px\" data-1024-1280=\"160px 131px 0px 144px\" data-768-1024=\"0px 135px 92px 128px\" data-680-768=\"0px 87px 72px\" data-680=\"0px 20px 72px 37px\">\n\t\t<div class=\"qodef-eh-item-inner\">\n\t\t<div class=\"qodef-eh-item-content qodef-eh-custom-6011\" style=\"padding: 160px 180px 0px 43%\">\n\t\t\t<div class=\"qodef-svg-separator-holder qodef-svg-separator-small\">\n    <div class=\"qodef-svg-separator qodef-svg-frames-class\" data-svg-frames=\"15\" >\n        <svg version=\"1.1\"   xmlns=\"http:\/\/www.w3.org\/2000\/svg\" xmlns:xlink=\"http:\/\/www.w3.org\/1999\/xlink\" x=\"0px\" y=\"0px\" width=\"56.344px\" height=\"9.438px\" viewBox=\"0 0 56.344 9.438\" enable-background=\"new 0 0 56.344 9.438\" xml:space=\"preserve\">\n            <path fill=\"none\" stroke=\"#000000\" stroke-miterlimit=\"10\" d=\"M0.364,0.375 8.715,8.726 16.716,0.726 24.716,8.726 32.439,1.005 40.16,8.726 48.161,0.726 55.998,8.563 \"\/>\n        <\/svg>\n    <\/div>\n<\/div>[vc_empty_space height=&#8221;8px&#8221;][vc_empty_space height=&#8221;16px&#8221;][vc_custom_heading text=&#8221;Poznaj M\u00f3j Gabinet Podologiczny&#8221; google_fonts=&#8221;font_family:Karla%3Aregular%2Citalic%2C700%2C700italic|font_style:700%20bold%20regular%3A700%3Anormal&#8221;][vc_empty_space height=&#8221;4px&#8221;][vc_custom_heading text=&#8221;Tu wypiel\u0119gnujesz swoje stopy&#8221; font_container=&#8221;tag:h3|text_align:left&#8221; google_fonts=&#8221;font_family:Karla%3Aregular%2Citalic%2C700%2C700italic|font_style:400%20regular%3A400%3Anormal&#8221;][vc_empty_space height=&#8221;26px&#8221;][vc_empty_space height=&#8221;6px&#8221;]\t\t<\/div>\n\t<\/div>\n<\/div><\/div>[\/vc_column][\/vc_row]<\/p>\n","protected":false},"excerpt":{"rendered":"<p>[vc_row equal_height=&#8221;yes&#8221; content_placement=&#8221;middle&#8221;][vc_column css=&#8221;.vc_custom_1510578448669{padding-top: 0px !important;padding-right: 0px !important;}&#8221; offset=&#8221;vc_col-lg-6 vc_col-md-12&#8243;][\/vc_column][vc_column css=&#8221;.vc_custom_1510914925522{padding-top: 0px !important;padding-left: 0px !important;}&#8221; offset=&#8221;vc_col-lg-6 vc_col-md-12&#8243;][\/vc_column][\/vc_row][vc_row][vc_column css=&#8221;.vc_custom_1510578532896{padding-top: [&hellip;]<\/p>\n","protected":false},"author":1,"featured_media":0,"parent":0,"menu_order":0,"comment_status":"closed","ping_status":"closed","template":"full-width.php","meta":{"footnotes":""},"class_list":["post-993","page","type-page","status-publish","hentry"],"_links":{"self":[{"href":"https:\/\/gabinetkosmetycznypiaseczno.pl\/index.php\/wp-json\/wp\/v2\/pages\/993","targetHints":{"allow":["GET"]}}],"collection":[{"href":"https:\/\/gabinetkosmetycznypiaseczno.pl\/index.php\/wp-json\/wp\/v2\/pages"}],"about":[{"href":"https:\/\/gabinetkosmetycznypiaseczno.pl\/index.php\/wp-json\/wp\/v2\/types\/page"}],"author":[{"embeddable":true,"href":"https:\/\/gabinetkosmetycznypiaseczno.pl\/index.php\/wp-json\/wp\/v2\/users\/1"}],"replies":[{"embeddable":true,"href":"https:\/\/gabinetkosmetycznypiaseczno.pl\/index.php\/wp-json\/wp\/v2\/comments?post=993"}],"version-history":[{"count":154,"href":"https:\/\/gabinetkosmetycznypiaseczno.pl\/index.php\/wp-json\/wp\/v2\/pages\/993\/revisions"}],"predecessor-version":[{"id":3879,"href":"https:\/\/gabinetkosmetycznypiaseczno.pl\/index.php\/wp-json\/wp\/v2\/pages\/993\/revisions\/3879"}],"wp:attachment":[{"href":"https:\/\/gabinetkosmetycznypiaseczno.pl\/index.php\/wp-json\/wp\/v2\/media?parent=993"}],"curies":[{"name":"wp","href":"https:\/\/api.w.org\/{rel}","templated":true}]}}